{"id":990,"date":"2023-09-23T23:26:50","date_gmt":"2023-09-23T21:26:50","guid":{"rendered":"https:\/\/blog.poltradetech.com\/?page_id=990"},"modified":"2026-01-03T14:32:13","modified_gmt":"2026-01-03T13:32:13","slug":"zgloszenie-zlecenia","status":"publish","type":"page","link":"https:\/\/blog.poltradetech.com\/index.php\/zgloszenie-zlecenia\/","title":{"rendered":"Zg\u0142oszenie serwisowe"},"content":{"rendered":"<h2 class=\"section__title\"><span style=\"font-family: Calibri;\">ZG\u0141OSZENIE US\u0141UGI SERWISOWEJ do firmy:<\/span><\/h2>\n<div>\n<ul class=\"simple-list\">\n<li>POLTRADE TECHNOLOGIES<\/li>\n<li>ul. Rozwojowa 14A 41-103 Siemianowice \u015al\u0105skie\n<div style=\"font-size: small; text-decoration: none; font-family: 'Calibri'; font-weight: normal; color: #000000; font-style: normal; display: inline;\"><\/div>\n<\/li>\n<li>E-mail:<span style=\"font-family: Calibri;\"><a class=\"moz-txt-link-abbreviated\" href=\"mailto:serwis@poltradetech.com\">serwis@poltradetech.com<\/a><\/span><\/li>\n<li>(+48) 32 608 59 51 oraz (+48) 606 350 906<\/li>\n<\/ul>\n<div class=\"forminator-ui forminator-custom-form forminator-custom-form-993 forminator-design--default  forminator_ajax\" data-forminator-render=\"0\" data-form=\"forminator-module-993\" data-uid=\"69f2808b12117\"><br\/><\/div><form\n\t\t\t\tid=\"forminator-module-993\"\n\t\t\t\tclass=\"forminator-ui forminator-custom-form forminator-custom-form-993 forminator-design--default  forminator_ajax\"\n\t\t\t\tmethod=\"post\"\n\t\t\t\tdata-forminator-render=\"0\"\n\t\t\t\tdata-form-id=\"993\"\n\t\t\t\t data-color-option=\"default\" data-design=\"default\" data-grid=\"open\" style=\"display: none;\"\n\t\t\t\tdata-uid=\"69f2808b12117\"\n\t\t\t><div role=\"alert\" aria-live=\"polite\" class=\"forminator-response-message forminator-error\" aria-hidden=\"true\"><\/div><div class=\"forminator-row\"><div id=\"name-1\" class=\"forminator-field-name forminator-col forminator-col-6 \"><div class=\"forminator-field\"><label for=\"forminator-field-name-1_69f2808b12117\" id=\"forminator-field-name-1_69f2808b12117-label\" class=\"forminator-label\">Nazwa <span class=\"forminator-required\">*<\/span><\/label><input type=\"text\" name=\"name-1\" value=\"\" placeholder=\"\" id=\"forminator-field-name-1_69f2808b12117\" class=\"forminator-input forminator-name--field\" aria-required=\"true\" autocomplete=\"name\" \/><\/div><\/div><div id=\"name-2\" class=\"forminator-field-name forminator-col forminator-col-6 \"><div class=\"forminator-field\"><label for=\"forminator-field-name-2_69f2808b12117\" id=\"forminator-field-name-2_69f2808b12117-label\" class=\"forminator-label\">Numer seryjny <span class=\"forminator-required\">*<\/span><\/label><input type=\"text\" name=\"name-2\" value=\"\" placeholder=\"\" id=\"forminator-field-name-2_69f2808b12117\" class=\"forminator-input forminator-name--field\" aria-required=\"true\" autocomplete=\"name\" \/><\/div><\/div><\/div><div class=\"forminator-row\"><div id=\"name-4\" class=\"forminator-field-name forminator-col forminator-col-6 \"><div class=\"forminator-field\"><label for=\"forminator-field-name-4_69f2808b12117\" id=\"forminator-field-name-4_69f2808b12117-label\" class=\"forminator-label\">Producent <span class=\"forminator-required\">*<\/span><\/label><input type=\"text\" name=\"name-4\" value=\"\" placeholder=\"\" id=\"forminator-field-name-4_69f2808b12117\" class=\"forminator-input forminator-name--field\" aria-required=\"true\" autocomplete=\"name\" \/><\/div><\/div><div id=\"name-3\" class=\"forminator-field-name forminator-col forminator-col-6 \"><div class=\"forminator-field\"><label for=\"forminator-field-name-3_69f2808b12117\" id=\"forminator-field-name-3_69f2808b12117-label\" class=\"forminator-label\">Model <span class=\"forminator-required\">*<\/span><\/label><input type=\"text\" name=\"name-3\" value=\"\" placeholder=\"\" id=\"forminator-field-name-3_69f2808b12117\" class=\"forminator-input forminator-name--field\" aria-required=\"true\" autocomplete=\"name\" \/><\/div><\/div><\/div><div class=\"forminator-row\"><div id=\"textarea-1\" class=\"forminator-field-textarea forminator-col forminator-col-12 \"><div class=\"forminator-field\"><label for=\"forminator-field-textarea-1_69f2808b12117\" id=\"forminator-field-textarea-1_69f2808b12117-label\" class=\"forminator-label\">OPIS ZG\u0141OSZENIA <span class=\"forminator-required\">*<\/span><\/label><textarea name=\"textarea-1\" placeholder=\"\" id=\"forminator-field-textarea-1_69f2808b12117\" class=\"forminator-textarea\" rows=\"6\" style=\"min-height:140px;\" ><\/textarea><\/div><\/div><\/div><div class=\"forminator-row\"><div id=\"section-2\" class=\"forminator-field-section forminator-col forminator-col-12 \"><div class=\"forminator-field\"><h2 class=\"forminator-title\">Dane klienta<\/h2><\/div><\/div><\/div><div class=\"forminator-row\"><div id=\"checkbox-1\" class=\"forminator-field-checkbox forminator-col forminator-col-6 \"><div role=\"group\" class=\"forminator-field\" aria-labelledby=\"forminator-checkbox-group-forminator-field-checkbox-1-69f2808b12117-label\"><label id=\"forminator-field-checkbox-1-1-69f2808b12117-label\" for=\"forminator-field-checkbox-1-1-69f2808b12117\" class=\"forminator-checkbox\" title=\"Firma\"><input type=\"checkbox\" name=\"checkbox-1[]\" value=\"one\" id=\"forminator-field-checkbox-1-1-69f2808b12117\" aria-labelledby=\"forminator-field-checkbox-1-1-69f2808b12117-label\" data-calculation=\"0\"   data-hidden-behavior=\"zero\"\/><span class=\"forminator-checkbox-box\" aria-hidden=\"true\"><\/span><span class=\"forminator-checkbox-label\">Firma<\/span><\/label><\/div><\/div><div id=\"checkbox-2\" class=\"forminator-field-checkbox forminator-col forminator-col-6 \"><div role=\"group\" class=\"forminator-field\" aria-labelledby=\"forminator-checkbox-group-forminator-field-checkbox-2-69f2808b12117-label\"><label id=\"forminator-field-checkbox-2-1-69f2808b12117-label\" for=\"forminator-field-checkbox-2-1-69f2808b12117\" class=\"forminator-checkbox\" title=\"Osoba prywatna\"><input type=\"checkbox\" name=\"checkbox-2[]\" value=\"one\" id=\"forminator-field-checkbox-2-1-69f2808b12117\" aria-labelledby=\"forminator-field-checkbox-2-1-69f2808b12117-label\" data-calculation=\"0\"   data-hidden-behavior=\"zero\"\/><span class=\"forminator-checkbox-box\" aria-hidden=\"true\"><\/span><span class=\"forminator-checkbox-label\">Osoba prywatna<\/span><\/label><\/div><\/div><\/div><div class=\"forminator-row\"><div id=\"name-6\" class=\"forminator-field-name forminator-col forminator-col-6 \"><div class=\"forminator-field\"><label for=\"forminator-field-name-6_69f2808b12117\" id=\"forminator-field-name-6_69f2808b12117-label\" class=\"forminator-label\">Nazwisko <span class=\"forminator-required\">*<\/span><\/label><input type=\"text\" name=\"name-6\" value=\"\" placeholder=\"\" id=\"forminator-field-name-6_69f2808b12117\" class=\"forminator-input forminator-name--field\" aria-required=\"true\" autocomplete=\"name\" \/><\/div><\/div><div id=\"name-5\" class=\"forminator-field-name forminator-col forminator-col-6 \"><div class=\"forminator-field\"><label for=\"forminator-field-name-5_69f2808b12117\" id=\"forminator-field-name-5_69f2808b12117-label\" class=\"forminator-label\">Imi\u0119 <span class=\"forminator-required\">*<\/span><\/label><input type=\"text\" name=\"name-5\" value=\"\" placeholder=\"\" id=\"forminator-field-name-5_69f2808b12117\" class=\"forminator-input forminator-name--field\" aria-required=\"true\" autocomplete=\"name\" \/><\/div><\/div><\/div><div class=\"forminator-row\"><div id=\"name-7\" class=\"forminator-field-name forminator-col forminator-col-12 \"><div class=\"forminator-field\"><label for=\"forminator-field-name-7_69f2808b12117\" id=\"forminator-field-name-7_69f2808b12117-label\" class=\"forminator-label\">Nazwa firmy <span class=\"forminator-required\">*<\/span><\/label><input type=\"text\" name=\"name-7\" value=\"\" placeholder=\"\" id=\"forminator-field-name-7_69f2808b12117\" class=\"forminator-input forminator-name--field\" aria-required=\"true\" autocomplete=\"name\" \/><\/div><\/div><\/div><div class=\"forminator-row\"><div id=\"name-11\" class=\"forminator-field-name forminator-col forminator-col-12 \"><div class=\"forminator-field\"><label for=\"forminator-field-name-11_69f2808b12117\" id=\"forminator-field-name-11_69f2808b12117-label\" class=\"forminator-label\">NIP <span class=\"forminator-required\">*<\/span><\/label><input type=\"text\" name=\"name-11\" value=\"\" placeholder=\"\" id=\"forminator-field-name-11_69f2808b12117\" class=\"forminator-input forminator-name--field\" aria-required=\"true\" autocomplete=\"name\" \/><\/div><\/div><\/div><div class=\"forminator-row\"><div id=\"section-1\" class=\"forminator-field-section forminator-col forminator-col-12 \"><div class=\"forminator-field\"><h2 class=\"forminator-title\">Adres<\/h2><\/div><\/div><\/div><div class=\"forminator-row\"><div id=\"name-8\" class=\"forminator-field-name forminator-col forminator-col-4 \"><div class=\"forminator-field\"><label for=\"forminator-field-name-8_69f2808b12117\" id=\"forminator-field-name-8_69f2808b12117-label\" class=\"forminator-label\">Ulica <span class=\"forminator-required\">*<\/span><\/label><input type=\"text\" name=\"name-8\" value=\"\" placeholder=\"\" id=\"forminator-field-name-8_69f2808b12117\" class=\"forminator-input forminator-name--field\" aria-required=\"true\" autocomplete=\"name\" \/><\/div><\/div><div id=\"name-9\" class=\"forminator-field-name forminator-col forminator-col-4 \"><div class=\"forminator-field\"><label for=\"forminator-field-name-9_69f2808b12117\" id=\"forminator-field-name-9_69f2808b12117-label\" class=\"forminator-label\">Numer domu<\/label><input type=\"text\" name=\"name-9\" value=\"\" placeholder=\"\" id=\"forminator-field-name-9_69f2808b12117\" class=\"forminator-input forminator-name--field\" aria-required=\"false\" autocomplete=\"name\" \/><\/div><\/div><div id=\"name-10\" class=\"forminator-field-name forminator-col forminator-col-4 \"><div class=\"forminator-field\"><label for=\"forminator-field-name-10_69f2808b12117\" id=\"forminator-field-name-10_69f2808b12117-label\" class=\"forminator-label\">Numer lokalu<\/label><input type=\"text\" name=\"name-10\" value=\"\" placeholder=\"\" id=\"forminator-field-name-10_69f2808b12117\" class=\"forminator-input forminator-name--field\" aria-required=\"false\" autocomplete=\"name\" \/><\/div><\/div><\/div><div class=\"forminator-row\"><div id=\"name-13\" class=\"forminator-field-name forminator-col forminator-col-6 \"><div class=\"forminator-field\"><label for=\"forminator-field-name-13_69f2808b12117\" id=\"forminator-field-name-13_69f2808b12117-label\" class=\"forminator-label\">Kod pocztowy <span class=\"forminator-required\">*<\/span><\/label><input type=\"text\" name=\"name-13\" value=\"\" placeholder=\"\" id=\"forminator-field-name-13_69f2808b12117\" class=\"forminator-input forminator-name--field\" aria-required=\"true\" autocomplete=\"name\" \/><\/div><\/div><div id=\"name-12\" class=\"forminator-field-name forminator-col forminator-col-6 \"><div class=\"forminator-field\"><label for=\"forminator-field-name-12_69f2808b12117\" id=\"forminator-field-name-12_69f2808b12117-label\" class=\"forminator-label\">Miasto <span class=\"forminator-required\">*<\/span><\/label><input type=\"text\" name=\"name-12\" value=\"\" placeholder=\"\" id=\"forminator-field-name-12_69f2808b12117\" class=\"forminator-input forminator-name--field\" aria-required=\"true\" autocomplete=\"name\" \/><\/div><\/div><\/div><div class=\"forminator-row\"><div id=\"section-3\" class=\"forminator-field-section forminator-col forminator-col-12 \"><div class=\"forminator-field\"><h2 class=\"forminator-title\">Kontakt<\/h2><\/div><\/div><\/div><div class=\"forminator-row\"><div id=\"email-1\" class=\"forminator-field-email forminator-col forminator-col-6 \"><div class=\"forminator-row-inside forminator-row-with-confirmation-email\"><div class=\"forminator-col forminator-col-6\"><div class=\"forminator-field\"><label for=\"forminator-field-email-1_69f2808b12117\" id=\"forminator-field-email-1_69f2808b12117-label\" class=\"forminator-label\">Adres e-mail <span class=\"forminator-required\">*<\/span><\/label><input type=\"email\" name=\"email-1\" value=\"\" placeholder=\"\" id=\"forminator-field-email-1_69f2808b12117\" class=\"forminator-input forminator-email--field\" data-required=\"1\" aria-required=\"true\" autocomplete=\"email\" \/><\/div><\/div><div class=\"forminator-col forminator-col-6\"><div class=\"forminator-field\"><label for=\"forminator-field-confirm_email-1_69f2808b12117\" id=\"forminator-field-confirm_email-1_69f2808b12117-label\" class=\"forminator-label\">Potwierd\u017a adres e-mail <span class=\"forminator-required\">*<\/span><\/label><input type=\"email\" name=\"confirm_email-1\" value=\"\" placeholder=\"Wpisz ponownie adres e-mail\" id=\"forminator-field-confirm_email-1_69f2808b12117\" class=\"forminator-input forminator-name--field\" data-required=\"1\" aria-required=\"true\" autocomplete=\"email\" \/><\/div><\/div><\/div><\/div><div id=\"phone-1\" class=\"forminator-field-phone forminator-col forminator-col-6 \"><div class=\"forminator-field\"><label for=\"forminator-field-phone-1_69f2808b12117\" id=\"forminator-field-phone-1_69f2808b12117-label\" class=\"forminator-label\">Numer telefonu <span class=\"forminator-required\">*<\/span><\/label><input type=\"text\" name=\"phone-1\" value=\"\" placeholder=\"\" id=\"forminator-field-phone-1_69f2808b12117\" class=\"forminator-input forminator-field--phone\" data-required=\"1\" aria-required=\"true\" autocomplete=\"off\" \/><\/div><\/div><\/div><div class=\"forminator-row\"><div id=\"checkbox-4\" class=\"forminator-field-checkbox forminator-col forminator-col-12 \"><div role=\"group\" class=\"forminator-field required\" aria-labelledby=\"forminator-checkbox-group-forminator-field-checkbox-4-69f2808b12117-label\"><span id=\"forminator-checkbox-group-forminator-field-checkbox-4-69f2808b12117-label\" class=\"forminator-label\">O\u015bwiadczenie <span class=\"forminator-required\">*<\/span><\/span><label id=\"forminator-field-checkbox-4-1-69f2808b12117-label\" for=\"forminator-field-checkbox-4-1-69f2808b12117\" class=\"forminator-checkbox\" title=\"O\u015bwiadczam, \u017ce zapozna\u0142am\/-em si\u0119 z poni\u017cszymi informacjami i wyra\u017cam zgod\u0119 na przetwarzanie moich danych osobowych we wskazanych poni\u017cej celach i zakresie:\"><input type=\"checkbox\" name=\"checkbox-4[]\" value=\"O\u015bwiadczam,-\u017ce-zapozna\u0142am--em-si\u0119-z-poni\u017cszymi-informacjami-i-wyra\u017cam-zgod\u0119-na-przetwarzanie-moich-danych-osobowych-we-wskazanych-poni\u017cej-celach-i-zakresie:\" id=\"forminator-field-checkbox-4-1-69f2808b12117\" aria-labelledby=\"forminator-field-checkbox-4-1-69f2808b12117-label\" data-calculation=\"0\"   data-hidden-behavior=\"zero\" aria-describedby=\"forminator-field-checkbox-4-69f2808b12117-description\"\/><span class=\"forminator-checkbox-box\" aria-hidden=\"true\"><\/span><span class=\"forminator-checkbox-label\">O\u015bwiadczam, \u017ce zapozna\u0142am\/-em si\u0119 z poni\u017cszymi informacjami i wyra\u017cam zgod\u0119 na przetwarzanie moich danych osobowych we wskazanych poni\u017cej celach i zakresie:<\/span><\/label><span id=\"forminator-field-checkbox-4-69f2808b12117-description\" class=\"forminator-description\">POLTRADE TECHNOLOGIES stosuje odpowiednie zabezpieczenia przy przesy\u0142ce i przechowywaniu danych dotycz\u0105cych zam\u00f3wienia. Szczeg\u00f3\u0142owy obowi\u0105zek informacyjny w zakresie przetwarzania danych osobowych przez POLTRADE TECHNOLOGIES spe\u0142nia Polityka prywatno\u015bci, w kt\u00f3rej wyja\u015bniono wszystkie istotne informacje dotycz\u0105ce danych osobowych przetwarzanych przez POLTRADE TECHNOLOGIES 2. Klient wysy\u0142aj\u0105c zg\u0142oszenie serwisowe w POLTRADE TECHNOLOGIES zgadza si\u0119 na przetwarzanie i wykorzystywanie swoich danych osobowych w celu obr\u00f3bki zg\u0142oszenia serwisowego. Podanie danych osobowych jest dobrowolne, jednak ich niepodanie uniemo\u017cliwia przetwarzanie zg\u0142oszenia\".<\/span><\/div><\/div><\/div><div class=\"forminator-row\"><div id=\"captcha-1\" class=\"forminator-field-captcha forminator-col forminator-col-12 \"><div class=\"forminator-captcha-center forminator-g-recaptcha recaptcha-invisible\" data-theme=\"light\" data-badge=\"inline\" data-sitekey=\"6LfG9z4sAAAAAPPC9rR7f0u3qloflao6UrWIbOeZ\" data-size=\"invisible\"><\/div> <\/div><\/div><input type=\"hidden\" name=\"referer_url\" value=\"\" \/><div class=\"forminator-row forminator-row-last\"><div class=\"forminator-col\"><div class=\"forminator-field\"><button class=\"forminator-button forminator-button-submit\">Wy\u015blij wiadomo\u015b\u0107<\/button><\/div><\/div><\/div><input type=\"hidden\" id=\"forminator_nonce\" name=\"forminator_nonce\" value=\"0d3a694699\" \/><input type=\"hidden\" name=\"_wp_http_referer\" value=\"\/index.php\/wp-json\/wp\/v2\/pages\/990\" \/><input type=\"hidden\" name=\"form_id\" value=\"993\"><input type=\"hidden\" name=\"page_id\" value=\"990\"><input type=\"hidden\" name=\"form_type\" value=\"default\"><input type=\"hidden\" name=\"current_url\" value=\"https:\/\/blog.poltradetech.com\/index.php\/zgloszenie-zlecenia\/\"><input type=\"hidden\" name=\"render_id\" value=\"0\"><input type=\"hidden\" name=\"action\" value=\"forminator_submit_form_custom-forms\"><\/form>\n<\/div>\n<p>&nbsp;<\/p>\n<p>&nbsp;<\/p>\n","protected":false},"excerpt":{"rendered":"<p>ZG\u0141OSZENIE US\u0141UGI SERWISOWEJ do firmy: POLTRADE TECHNOLOGIES ul. Rozwojowa 14A 41-103 Siemianowice \u015al\u0105skie E-mail:serwis@poltradetech.com (+48) 32 608 59 51 oraz (+48) 606 350 906 &nbsp; &nbsp;<\/p>\n","protected":false},"author":5,"featured_media":0,"parent":0,"menu_order":0,"comment_status":"closed","ping_status":"closed","template":"page-templates\/page_fullwidth.php","meta":{"footnotes":""},"class_list":["post-990","page","type-page","status-publish","hentry"],"yoast_head":"<!-- This site is optimized with the Yoast SEO plugin v26.6 - https:\/\/yoast.com\/wordpress\/plugins\/seo\/ -->\n<title>Zg\u0142oszenie serwisowe - Poltrade Technologies<\/title>\n<meta name=\"robots\" content=\"index, follow, max-snippet:-1, max-image-preview:large, max-video-preview:-1\" \/>\n<link rel=\"canonical\" href=\"https:\/\/blog.poltradetech.com\/index.php\/zgloszenie-zlecenia\/\" \/>\n<meta property=\"og:locale\" content=\"pl_PL\" \/>\n<meta property=\"og:type\" content=\"article\" \/>\n<meta property=\"og:title\" content=\"Zg\u0142oszenie serwisowe - Poltrade Technologies\" \/>\n<meta property=\"og:description\" content=\"ZG\u0141OSZENIE US\u0141UGI SERWISOWEJ do firmy: POLTRADE TECHNOLOGIES ul. Rozwojowa 14A 41-103 Siemianowice \u015al\u0105skie E-mail:serwis@poltradetech.com (+48) 32 608 59 51 oraz (+48) 606 350 906 &nbsp; &nbsp;\" \/>\n<meta property=\"og:url\" content=\"https:\/\/blog.poltradetech.com\/index.php\/zgloszenie-zlecenia\/\" \/>\n<meta property=\"og:site_name\" content=\"Poltrade Technologies\" \/>\n<meta property=\"article:modified_time\" content=\"2026-01-03T13:32:13+00:00\" \/>\n<meta name=\"twitter:card\" content=\"summary_large_image\" \/>\n<meta name=\"twitter:label1\" content=\"Szacowany czas czytania\" \/>\n\t<meta name=\"twitter:data1\" content=\"1 minuta\" \/>\n<script type=\"application\/ld+json\" class=\"yoast-schema-graph\">{\"@context\":\"https:\/\/schema.org\",\"@graph\":[{\"@type\":\"WebPage\",\"@id\":\"https:\/\/blog.poltradetech.com\/index.php\/zgloszenie-zlecenia\/\",\"url\":\"https:\/\/blog.poltradetech.com\/index.php\/zgloszenie-zlecenia\/\",\"name\":\"Zg\u0142oszenie serwisowe - Poltrade Technologies\",\"isPartOf\":{\"@id\":\"https:\/\/blog.poltradetech.com\/#website\"},\"datePublished\":\"2023-09-23T21:26:50+00:00\",\"dateModified\":\"2026-01-03T13:32:13+00:00\",\"breadcrumb\":{\"@id\":\"https:\/\/blog.poltradetech.com\/index.php\/zgloszenie-zlecenia\/#breadcrumb\"},\"inLanguage\":\"pl-PL\",\"potentialAction\":[{\"@type\":\"ReadAction\",\"target\":[\"https:\/\/blog.poltradetech.com\/index.php\/zgloszenie-zlecenia\/\"]}]},{\"@type\":\"BreadcrumbList\",\"@id\":\"https:\/\/blog.poltradetech.com\/index.php\/zgloszenie-zlecenia\/#breadcrumb\",\"itemListElement\":[{\"@type\":\"ListItem\",\"position\":1,\"name\":\"Strona g\u0142\u00f3wna\",\"item\":\"https:\/\/blog.poltradetech.com\/\"},{\"@type\":\"ListItem\",\"position\":2,\"name\":\"Zg\u0142oszenie serwisowe\"}]},{\"@type\":\"WebSite\",\"@id\":\"https:\/\/blog.poltradetech.com\/#website\",\"url\":\"https:\/\/blog.poltradetech.com\/\",\"name\":\"Poltrade Technologies\",\"description\":\"Miernictwo\/ aparatura pomiarowa\",\"potentialAction\":[{\"@type\":\"SearchAction\",\"target\":{\"@type\":\"EntryPoint\",\"urlTemplate\":\"https:\/\/blog.poltradetech.com\/?s={search_term_string}\"},\"query-input\":{\"@type\":\"PropertyValueSpecification\",\"valueRequired\":true,\"valueName\":\"search_term_string\"}}],\"inLanguage\":\"pl-PL\"}]}<\/script>\n<!-- \/ Yoast SEO plugin. -->","yoast_head_json":{"title":"Zg\u0142oszenie serwisowe - Poltrade Technologies","robots":{"index":"index","follow":"follow","max-snippet":"max-snippet:-1","max-image-preview":"max-image-preview:large","max-video-preview":"max-video-preview:-1"},"canonical":"https:\/\/blog.poltradetech.com\/index.php\/zgloszenie-zlecenia\/","og_locale":"pl_PL","og_type":"article","og_title":"Zg\u0142oszenie serwisowe - Poltrade Technologies","og_description":"ZG\u0141OSZENIE US\u0141UGI SERWISOWEJ do firmy: POLTRADE TECHNOLOGIES ul. Rozwojowa 14A 41-103 Siemianowice \u015al\u0105skie E-mail:serwis@poltradetech.com (+48) 32 608 59 51 oraz (+48) 606 350 906 &nbsp; &nbsp;","og_url":"https:\/\/blog.poltradetech.com\/index.php\/zgloszenie-zlecenia\/","og_site_name":"Poltrade Technologies","article_modified_time":"2026-01-03T13:32:13+00:00","twitter_card":"summary_large_image","twitter_misc":{"Szacowany czas czytania":"1 minuta"},"schema":{"@context":"https:\/\/schema.org","@graph":[{"@type":"WebPage","@id":"https:\/\/blog.poltradetech.com\/index.php\/zgloszenie-zlecenia\/","url":"https:\/\/blog.poltradetech.com\/index.php\/zgloszenie-zlecenia\/","name":"Zg\u0142oszenie serwisowe - Poltrade Technologies","isPartOf":{"@id":"https:\/\/blog.poltradetech.com\/#website"},"datePublished":"2023-09-23T21:26:50+00:00","dateModified":"2026-01-03T13:32:13+00:00","breadcrumb":{"@id":"https:\/\/blog.poltradetech.com\/index.php\/zgloszenie-zlecenia\/#breadcrumb"},"inLanguage":"pl-PL","potentialAction":[{"@type":"ReadAction","target":["https:\/\/blog.poltradetech.com\/index.php\/zgloszenie-zlecenia\/"]}]},{"@type":"BreadcrumbList","@id":"https:\/\/blog.poltradetech.com\/index.php\/zgloszenie-zlecenia\/#breadcrumb","itemListElement":[{"@type":"ListItem","position":1,"name":"Strona g\u0142\u00f3wna","item":"https:\/\/blog.poltradetech.com\/"},{"@type":"ListItem","position":2,"name":"Zg\u0142oszenie serwisowe"}]},{"@type":"WebSite","@id":"https:\/\/blog.poltradetech.com\/#website","url":"https:\/\/blog.poltradetech.com\/","name":"Poltrade Technologies","description":"Miernictwo\/ aparatura pomiarowa","potentialAction":[{"@type":"SearchAction","target":{"@type":"EntryPoint","urlTemplate":"https:\/\/blog.poltradetech.com\/?s={search_term_string}"},"query-input":{"@type":"PropertyValueSpecification","valueRequired":true,"valueName":"search_term_string"}}],"inLanguage":"pl-PL"}]}},"_links":{"self":[{"href":"https:\/\/blog.poltradetech.com\/index.php\/wp-json\/wp\/v2\/pages\/990","targetHints":{"allow":["GET"]}}],"collection":[{"href":"https:\/\/blog.poltradetech.com\/index.php\/wp-json\/wp\/v2\/pages"}],"about":[{"href":"https:\/\/blog.poltradetech.com\/index.php\/wp-json\/wp\/v2\/types\/page"}],"author":[{"embeddable":true,"href":"https:\/\/blog.poltradetech.com\/index.php\/wp-json\/wp\/v2\/users\/5"}],"replies":[{"embeddable":true,"href":"https:\/\/blog.poltradetech.com\/index.php\/wp-json\/wp\/v2\/comments?post=990"}],"version-history":[{"count":8,"href":"https:\/\/blog.poltradetech.com\/index.php\/wp-json\/wp\/v2\/pages\/990\/revisions"}],"predecessor-version":[{"id":1142,"href":"https:\/\/blog.poltradetech.com\/index.php\/wp-json\/wp\/v2\/pages\/990\/revisions\/1142"}],"wp:attachment":[{"href":"https:\/\/blog.poltradetech.com\/index.php\/wp-json\/wp\/v2\/media?parent=990"}],"curies":[{"name":"wp","href":"https:\/\/api.w.org\/{rel}","templated":true}]}}